204
Convert 92451b (base 13) to base 14.
64a1c4
1c85e (base 15) to base 16
16b56
What is -1752529 (base 10) in base 13?
-4948cc
1943094 (base 10) to base 15
285ae9
1111101101000111110 (base 2) to base 10
514622
What is -2352862 (base 10) in base 8?
-10763336
What is -133213330211 (base 4) in base 16?
-7e7f25
Convert 151505 (base 7) to base 8.
71335
What is -48220 (base 9) in base 12?
-16800
What is -85c9 (base 15) in base 9?
-42750
-111134430 (base 5) to base 7
-4110354
What is -169968 (base 12) in base 9?
-654188
1712872 (base 9) to base 2
11101000110010101100
What is -376256 (base 9) in base 6?
-4513553
What is 16fe7b (base 16) in base 7?
15544260
-1a8e1 (base 15) to base 7
-506566
What is -497355 (base 12) in base 14?
-231489
What is 241342240 (base 5) in base 10?
1121570
What is 9a2b7 (base 16) in base 4?
2122022313
-124432004 (base 6) to base 8
-11307544
Convert 108779 (base 10) to base 5.
11440104
414085 (base 9) to base 4
323333312
-28c149 (base 15) to base 6
-110035040
-13023221 (base 5) to base 14
-34250
Convert -a1cb9 (base 15) to base 13.
-14c370
Convert 6123736 (base 8) to base 16.
18a7de
Convert -10000011010011010111 (base 2) to base 3.
-1000022202002
Convert 243403 (base 9) to base 11.
a0376
-2c172 (base 16) to base 15
-38799
2112200002102 (base 3) to base 11
843556
What is -212032333221 (base 4) in base 15?
-d2eb29
10042413002 (base 5) to base 7
152020522
What is 182a2c (base 15) in base 12?
487089
-22340 (base 11) to base 3
-1122101012
Convert 2873043 (base 10) to base 11.
1692618
Convert -421c4 (base 14) to base 9.
-262734
Convert 684300 (base 12) to base 7.
20106540
-140313162 (base 7) to base 15
-c001cc
-111000101001000110 (base 2) to base 14
-6079c
Convert -12510104 (base 7) to base 14.
-21b574
Convert -107354 (base 13) to base 9.
-650175
What is 39405 (base 10) in base 3?
2000001110
What is 10221222101 (base 3) in base 13?
2965c
b58347 (base 14) to base 2
10111011000110000111011
What is 325571 (base 13) in base 11?
738825
Convert -1101010110101111011101 (base 2) to base 7.
-41521026
What is -1213544030 (base 6) in base 7?
-226106652
What is -38477a (base 11) in base 4?
-2110011023
124022 (base 8) to base 3
2012000120
-12000121110 (base 4) to base 7
-16245222
1023051 (base 6) to base 2
1100001100000111
What is -111010010100111100 (base 2) in base 6?
-5042020
What is 414043303 (base 5) in base 14?
325a6a
-1a13cb (base 14) to base 6
-31500411
What is -109507 (base 10) in base 13?
-3aac8
6289819 (base 12) to base 16
11bc155
-11424541 (base 7) to base 5
-224433433
What is 1584172 (base 11) in base 9?
5063868
What is -200021001120122 (base 3) in base 6?
-544001542
What is 1101110010000 (base 2) in base 9?
10610
What is 201643542 (base 7) in base 2?
101100110110110110011001
Convert -89530 (base 12) to base 14.
-4a580
-2e277 (base 15) to base 4
-210121012
Convert -121012010120 (base 3) to base 15.
-64649
What is 100001110000111100111010 (base 2) in base 13?
1aaba40
-122565 (base 7) to base 12
-110a3
What is -3dd (base 15) in base 4?
-31303
What is -28d3d3 (base 14) in base 2?
-101011010100010011101
-1403d9 (base 14) to base 11
-433124
1033131301 (base 4) to base 8
1173561
Convert 330003011 (base 4) to base 7.
2043035
Convert -110101011001101101011 (base 2) to base 3.
-10021220100220
Convert 155200 (base 8) to base 13.
1c5ca
What is -85072 (base 14) in base 2?
-1001110011001111100
What is -1039e2d (base 15) in base 7?
-200252320
What is -1235333 (base 7) in base 4?
-213021200
What is -2087762 (base 9) in base 10?
-1121096
-245502430 (base 6) to base 9
-8842130
What is 2011153 (base 6) in base 11?
65327
58595 (base 11) to base 2
10100101001010010
Convert 691508 (base 10) to base 13.
1b299c
222322000 (base 4) to base 11
110048
Convert -104452b (base 13) to base 7.
-60036411
Convert -1021152 (base 6) to base 12.
-247b8
-186092 (base 12) to base 9
-717232
Convert 39e0f8 (base 16) to base 14.
70a4ac
What is 1607326 (base 8) in base 12?
1a381a
What is 1b5bb62 (base 12) in base 2?
10110010011100110111010
4b116 (base 16) to base 2
1001011000100010110
What is -36647 (base 15) in base 14?
-4735c
-405114 (base 6) to base 14
-ba62
101111001011001100 (base 2) to base 11
1221a2
Convert 7c4747 (base 14) to base 10.
4238171
What is -101657 (base 12) in base 14?
-67919
Convert 1000011011100010110000 (base 2) to base 8.
10334260
What is 256462 (base 10) in base 12?
1044ba
43764702 (base 8) to base 5
4403301430
Convert -100113232232 (base 4) to base 15.
-59b852
-976499 (base 10) to base 4
-3232121303
Convert b317b (base 12) to base 6.
5001035
Convert -311245 (base 8) to base 5.
-11244302
-244233 (base 10) to base 2
-111011101000001001
What is 100231032331 (base 4) in base 12?
1572591
1423535 (base 6) to base 12
3abab
What is 101313310100 (base 4) in base 14?
89d560
Convert 1243e (base 16) to base 8.
222076
Convert 62842 (base 9) to base 7.
232010
What is 650334 (base 8) in base 15?
445c3
-132410 (base 10) to base 13
-48365
-110a089 (base 11) to base 3
-10122212102210
Convert 1049289 (base 10) to base 16.
1002c9
Convert 298144 (base 11) to base 7.
3643530
What is 200235323 (base 6) in base 5?
1331124000
ade6 (base 16) to base 5
2411033
What is 17862b3 (base 14) in base 2?
101100010100100101010101
What is -223021533 (base 6) in base 13?
-ac2bca
-105748 (base 13) to base 8
-1355041
What is -23543753 (base 8) in base 13?
-10ba02b
-1120102122 (base 3) to base 12
-15a98
-937b1 (base 15) to base 14
-c2523
Convert 24613145 (base 7) to base 8.
10363724
Convert 6544264 (base 8) to base 6.
101342244
Convert -23645422 (base 9) to base 7.
-200062163
What is 1232210030 (base 4) in base 5?
103443001
What is -854637 (base 9) in base 7?
-4215616
Convert 93d59 (base 16) to base 2.
10010011110101011001
-1350604 (base 7) to base 5
-21232443
Convert 10896c (base 13) to base 11.
247412
What is 7b2850 (base 15) in base 13?
12abb73
22053373 (base 8) to base 6
245340231
What is -2292746 (base 12) in base 8?
-31321246
What is -2008aa (base 15) in base 12?
-61405a
What is 30233321 (base 4) in base 5?
3132332
Convert 110010110110101101100 (base 2) to base 15.
22db42
Convert -11042003 (base 6) to base 7.
-2552355
Convert 395b8 (base 13) to base 2.
11001111111010100
30223102020 (base 4) to base 10
3323016
What is -6365264 (base 8) in base 10?
-1698484
650362 (base 7) to base 12
554ba
What is 30130302 (base 4) in base 11?
35349
Convert -54868 (base 15) to base 11.
-173822
Convert -31883 (base 14) to base 4.
-131031323
Convert -a786d (base 16) to base 15.
-d84ae
Convert 7475232 (base 8) to base 16.
1e7a9a
Convert 11111111212112 (base 3) to base 9.
4444775
What is -331641 (base 12) in base 9?
-1465854
What is -d28fd (base 16) in base 13?
-242742
What is 11993b (base 15) in base 2?
11001101101011011000
-2111 (base 11) to base 4
-223223
Convert 10000000111001101001000 (base 2) to base 4.
100013031020
Convert 103213 (base 4) to base 7.
3442
-1020020101202010 (base 3) to base 9
-36211663
What is 10113212132 (base 4) in base 15?
1794eb
656456 (base 7) to base 4
130013012
What is -3cca6a2 (base 13) in base 16?
-126859f
Convert -2712111 (base 8) to base 15.
-eeca7
What is -111010101110011100 (base 2) in base 12?
-b7250
What is 379102 (base 15) in base 4?
22022022332
Convert -1537288 (base 11) to base 6.
-132213430
What is -289ba7a (base 12) in base 5?
-4042413130
What is 1424143 (base 5) in base 4?
13103203
-9d5760 (base 15) to base 16
-729c00
Convert -4441101 (base 5) to base 7.
-442250
Convert -1b3508 (base 14) to base 16.
-ecb94
Convert -450372 (base 9) to base 3.
-111200102102
-2204323 (base 5) to base 10
-38088
Convert -1211220101020 (base 3) to base 9.
-1756336
What is 2069802 (base 10) in base 9?
3804210
-300104133 (base 5) to base 13
-3220b5
What is 2495249 (base 10) in base 9?
4622748
-1948 (base 13) to base 12
-222a
Convert 40043306 (base 8) to base 11.
4822109
2487574 (base 9) to base 4
11023111111
What is -20110201212 (base 3) in base 2?
-11111000110010110
What is 11110022022011 (base 3) in base 7?
26061553
Convert 6b0006 (base 12) to base 5.
420033334
-5512711 (base 8) to base 5
-334331022
-2b0358 (base 13) to base 15
-15d442
Convert -631ddc (base 15) to base 8.
-21770210
What is -1101133101 (base 4) in base 5?
-41140102
Convert 8550 (base 15) to base 6.
334320
3132000121